(y) = 4*m(y) + 3*v(y). Calculate t(-7).
-4
Suppose 5*h = 3*h. Let a(d) = -d - 2. Determine a(h).
-2
Let h(b) = 3*b**2 + 2*b - 2. Suppose 3*n + 16 = -2*a + 43, 3 = a. Let q be 2/4*(-28)/n. Calculate h(q).
6
Suppose -4 = -3*h + h. Let b(t) = 4*t + t**2 - 2 + 2 + h. Determine b(-4).
2
Let p(l) = 4*l + 3. Let c(a) = 7*a + 7. Let n(d) = -2*c(d) + 5*p(d). Suppose -m - 48 + 47 = 0. What is n(m)?
-5
Let g be (4/(-4))/((-2)/6). Suppose 5*a - 4*k - 10 = 0, 0 = -a + g*k - 1 + 3. Let u(t) = 2*t**3 - 3*t**2 + 2*t - 3. Calculate u(a).
5
Let t(x) = x**3 + 6*x**2 - 8*x + 1. Suppose -2*d = d - 6, -11 = o - 2*d. Give t(o).
8
Let q(d) = -d**2 - 4*d - 3. Let k(j) = j**2 + 3*j + 2. Let s(n) = -3*k(n) - 2*q(n). Let m = 1 + 1. Determine s(m).
-6
Suppose 4*i + 5 = -i. Let u(c) = -31*c**3 - 11*c**2 - 11*c + 16. Let a(g) = 6*g**3 + 2*g**2 + 2*g - 3. Let k(q) = -11*a(q) - 2*u(q). What is k(i)?
5
Let p(u) = -u**2 - u + 4. Suppose 4*s + 12 = -0*s. Calculate p(s).
-2
Let q(a) = a**2 - a + 5. Let g(s) = s + 4. Let f be g(-4). Determine q(f).
5
Let y = 1 - 7. Let t(o) = 10*o + 3. Let j(s) = 7*s + 2. Let b(q) = -7*j(q) + 5*t(q). Give b(y).
-5
Let u(l) = -l**2 + l - 1. Let f(b) = -5*b**2 + 3*b - 4. Suppose 1 = 3*g - 4*g. Let m(v) = g*f(v) + 4*u(v). Give m(-3).
6
Let s(l) = -1 - 2*l + 3*l + 2*l**2 - l**2. Let a be (1 - 2)*(2 + -1). Let x(z) = 4*z**2 + 4*z - 4. Let q(f) = a*x(f) + 5*s(f). Calculate q(-2).
1
Let t(i) = 3*i - 1. Let u(g) = -4*g + 4. Let z(m) be the second derivative of -m**3/6 + 2*m. Let d(v) = u(v) - 5*z(v). Let q be d(-5). Calculate t(q).
-4
Let t(q) = -2*q - 1. Suppose g + 4*k = 23, 0 = 3*g + 2*k - 14 - 5. Suppose 0 = 2*y - g*y + 1. Determine t(y).
-3
Let c(f) be the second derivative of f**5/20 + f**4/2 + 5*f**3/6 - 7*f**2/2 - 15*f. Let p(i) = -i**3 + 3*i**2 + 2*i + 3. Let t be p(4). Determine c(t).
-7
Let d(w) = 5*w**3 + 4*w**2 - 6*w - 3. Let f be (-474)/(-66) - (-4)/(-22). Let i(y) = -11*y**3 - 7*y**2 + 11*y + 5. Let z(b) = f*d(b) + 4*i(b). Calculate z(1).
-8
Let z(x) = -x**3 + 4*x**2 + 7*x. Let a(s) = 11*s**2 + 4*s**2 + 5 - 11*s - 5*s**2 + s**3. Let n be a(-11). What is z(n)?
10
Let l(t) = 2*t. Let v = 11 - 4. Suppose p - v = -2. Suppose -2*g + 19 = -0*g + 3*c, -5 = -p*g + c. What is l(g)?
4
Let m(y) = 0*y - 17 + 2*y - 4*y + 18. What is m(8)?
-15
Suppose w - 9 = 4*i, w - 9 = 3*i - 0*i. Let s = w + -5. Let o(n) = -3*n - 3. Let k(d) = 2*d + 2. Let m(v) = s*k(v) + 3*o(v). Determine m(-1).
0
Let p = -43 + 40. Let r(n) = -4*n + 2. Determine r(p).
14
Let c(t) = -2*t. Let l(v) = v**3 + 10*v**2 - 2*v - 11. Let d be l(-10). Let h(r) = r**3 - 10*r**2 + 9*r + 3. Let j be h(d). What is c(j)?
-6
Let r be (16/12)/(1/(-3)). Let f(c) = -c - 4. Give f(r).
0
Let u(k) = -k**2 + 26*k - 24. Let f be u(25). Let p(c) = -14*c**3 - c**2 - c + 1. Give p(f).
-15
Let t be 20/8*(-4)/(-5). Let u(p) = -5*p + 3 - t + p + 0*p. Give u(-2).
9
Let b(g) = -3*g + 0*g**3 - 1 + 0 - 4*g**2 + 4 - g**3. Give b(-3).
3
Let s(r) = -9*r**2 + 3*r + 3. Suppose -5*m = z - 8, -m - 2*m + 15 = 4*z. Let w(c) = -c**2. Let y(u) = m*s(u) - 12*w(u). Determine y(-2).
9
Let r(v) = -v - 4. Let c = -1 - 4. What is r(c)?
1
Let r(d) be the second derivative of -d**4/12 - d**3 - 3*d**2/2 + 19*d. Suppose 0 - 10 = -2*q. Suppose 15 = -q*b - 5. Determine r(b).
5
Let g(j) = j**2 + 9*j + 2. Let y(k) = 1. Let s(r) = g(r) + 2*y(r). Calculate s(-6).
-14
Let y = 38 - 50. Let l(u) = u**3 + 12*u**2 - 3. Determine l(y).
-3
Let f(m) = m**2 - 13*m + 30. Let w be f(9). Let z(i) = i + 3. What is z(w)?
-3
Let c(p) be the third derivative of -p**5/60 - p**4/8 + p**3 - 3*p**2. Give c(-5).
-4
Let s(p) = -p**3 + 4*p**2 - 2*p + 2. Let l be s(3). Suppose -n + 0*z = -z + 6, l*n + 2*z + 16 = 0. Let i(t) = t + 4. Calculate i(n).
0
Let i(r) be the first derivative of 2*r**2 + 5*r - 2*r**2 + 5 - r**2. Calculate i(6).
-7
Let g = -107 + 107. Let n(j) = j**3 - j**2 + j + 13. Determine n(g).
13
Let b(k) = -13*k + 18*k + 9 - 4. Calculate b(4).
25
Let a(p) = p**2 + 7. Let d be (8/(-10))/((-2)/35). Let l = d - 14. Calculate a(l).
7
Let w = -8 - -3. Let o(g) be the first derivative of 3*g**2 - 11*g + 2. Let f(b) = b - 1. Let m(i) = w*f(i) + o(i). Determine m(3).
-3
Let k be (1 - -4)*(-14)/(-35). Let s(c) = 1. Let t(g) = 4*g + 7. Let b(w) = -6*s(w) + t(w). Calculate b(k).
9
Let n(w) be the third derivative of -w**4/24 + w**3/6 - 4*w**2 + 2. Let v(q) = -q**2 - 3. Let m be v(0). Calculate n(m).
4
Let a(m) be the first derivative of -m**2 - 3*m + 25. Calculate a(5).
-13
Suppose -2*h = 3*h + 30. Let a(w) = -3*w - 3. Let q(b) = -b - 1. Let l = 13 + 8. Let u(i) = h*a(i) + l*q(i). Calculate u(-2).
3
Let n be (-14)/(-3) + (-2)/3. Let g(s) = -4*s**2 + 3*s + 6. Let m(b) = -b**2 + 1. Let a(q) = -g(q) + 3*m(q). Calculate a(n).
1
Let n(i) = -9*i + 15. Let a(h) = -6*h + 10. Let t(o) = -8*a(o) + 5*n(o). Suppose 6*k + 12 = 9*k. Suppose k*d + 32 = 5*s, -2*s - 1 = -3*s - d. What is t(s)?
7
Let c be (-201)/39 - 2/(-13). Let m(h) = h**2 + 6*h + 5. Determine m(c).
0
Let q(s) = s**3 - s**2 - s + 6. Let r be 0/(-1 + -3) - -3. Suppose -3*u + r = l, -u + 2 = l + u. Calculate q(l).
6
Let l(h) = -2 + h - 2*h + 1 + 2. Let m be 4/(-16) + 6/(-8). Let o(n) = 6*n - 7. Let v(a) = m*o(a) - 5*l(a). Calculate v(-5).
7
Let x(j) = -3*j + 3. Let i(c) = -4*c + 5. Let a(v) = -5*i(v) + 7*x(v). Let g be a(-6). Let u(m) = 26*m - 27*m - 2*m**2 - 3 + 1. Calculate u(g).
-12
Let u(s) = -2*s - 2. Let j(b) = -b**2 + 6*b + 5. Let f be j(6). Suppose -8 - 7 = -f*o - p, -5*o + 4*p = 10. Give u(o).
-6
Let v(p) = p - 6. Let d(i) = 4*i**3 + 5*i**2 + i. Let h(q) = q**3 + q**2. Let k(t) = -2*d(t) + 9*h(t). Let n be k(2). Give v(n).
-6
Let i(r) = 17*r - 6. Let k(c) be the third derivative of -c**4/4 + c**3/3 + 2*c**2. Let o(z) = 4*i(z) + 11*k(z). Calculate o(4).
6
Let n(z) = z**2 - 6*z - 1. Let k = 56 - 51. Calculate n(k).
-6
Let u(f) = 2 - f + 0 - 1. Suppose -4*k + 5 = -c - 7, -5*k - 4*c = 6. Suppose -4*p + p - 21 = k*o, 5*p - 5*o + 10 = 0. Calculate u(p).
6
Let k = -11 + 18. Let q = -6 + k. Let t(u) be the third derivative of 5*u**4/24 + u**3/6 - u**2. Calculate t(q).
6
Let b(i) = 0*i**2 + 0*i - 2 - i - i**2. Let v be (10/(-4))/5*-6. Let p be (-3 + -1)*v/4. Determine b(p).
-8
Suppose 14 = 4*x + x + 4*s, -s + 9 = 4*x. Suppose -x*p = p - 6. Let a(i) be the second derivative of -i**4/12 + i**3/3 - i**2 - i. What is a(p)?
-2
Let s(f) be the second derivative of -f**5/20 - f**4/2 + 4*f**3/3 - 3*f**2/2 + 10*f. Determine s(-7).
-10
Let d(l) = l**2 + 6*l - 5. Let q = -43 - -37. Calculate d(q).
-5
Let x(q) = -7 + 2*q + 6*q**2 + 6*q**2 + 3 - 11*q**2. Determine x(-3).
-1
Let n(d) = 3*d**3 + 18*d**2 + 20*d + 20. Let g(i) = i**3 + 6*i**2 + 7*i + 7. Let r(s) = -17*g(s) + 6*n(s). Let q be r(-6). Let h(x) = x + 6. Determine h(q).
1
Let o = 6 + -23. Let l = 16 + o. Let m(x) = 7*x - 1. What is m(l)?
-8
Let i(z) = -10*z**2 + 3*z - 4. Let f(l) = -14*l**2 + 8*l**2 + 7*l**2 + 5 + 10*l**2 - 4*l. Let u(p) = -3*f(p) - 4*i(p). Determine u(1).
8
Let x(j) = j**3 - 4*j**2 + 4*j + 1. Let s be x(3). Let t(r) be the second derivative of -1/12*r**4 + 4*r - 3*r**2 + 7/6*r**3 + 0. Determine t(s).
6
Let k(y) = 2*y + 2. Let w(z) = 3*z + 3. Let j(m) = -4*k(m) + 3*w(m). What is j(-2)?
-1
Let v(k) = -k**2 + 19*k + 21. Let d be v(20). Let m(r) = 12*r - 1. Calculate m(d).
11
Let u(l) = 3*l**2 + 18*l - 26. Let m(j) = -j**2 - 6*j + 9. Let t(i) = -17*m(i) - 6*u(i). Give t(-6).
3
Let g = -3 + 4. Let h(n) = n. Let z(j) = 8*j**3 - j**2 - 2*j. Let o(t) = -3*h(t) - z(t). Determine o(g).
-8
Let x(c) = c. Let z(q) = -q**3 + 8*q**2 - 6*q - 8. Let r be z(7). Let m be (0 + r/(-2))*4. Calculate x(m).
2
Let l(p) = -p**2 - 7*p - 5. Let r be 2*(-5)/(20/(-12)). Let u(s) = -s**3 + 6*s**2 + 8*s - 7. Let i be u(7). Let y = i - r. Determine l(y).
1
Let t(d) = -3*d + 3. Let a(n) = -13*n + 11. Let q(g) = 2*a(g) - 9*t(g). Give q(0).
-5
Let u(t) = 9*t + 9. Let g(i) = -8*i - 9. Let j(f) = 3*g(f) + 2*u(f). Let b be j(-9). Let y be (b/6)/5*2. Let d(a) = a**3 - 2*a**2 - 3*a + 1. Determine d(y).
1
Let w(g) be the third derivative of -g**6/120 + g**5/20 + g**4/6 + 2*g**3/3 + 3*g**2. What is w(4)?
4
Let b(h) = -14*h**3 - 5*h**2 + 2*h - 3. Let i(a) = -14*a**3 - 4*a**2 + a - 2. Let r(j) = -2*b(j) + 3*i(j). Give r(-1).
13
Let m(h) = -5*h + 41. Let l be m(7). Let z(d) = d**3 - 7*d**2 + 4